{"id":755,"date":"2023-03-25T16:55:22","date_gmt":"2023-03-25T16:55:22","guid":{"rendered":"https:\/\/www.corporacionarion.com\/?post_type=product&#038;p=755"},"modified":"2023-03-25T22:48:42","modified_gmt":"2023-03-25T22:48:42","slug":"superacion-de-pobreza-extrema","status":"publish","type":"product","link":"https:\/\/www.corporacionarion.com.co\/?product=superacion-de-pobreza-extrema","title":{"rendered":"SUPERACI\u00d3N DE POBREZA EXTREMA"},"content":{"rendered":"\t\t<div data-elementor-type=\"product-post\" data-elementor-id=\"755\" class=\"elementor elementor-755\">\n\t\t\t\t\t\t<section class=\"elementor-section elementor-top-section elementor-element elementor-element-754b462 elementor-section-full_width elementor-section-height-default elementor-section-height-default\" data-id=\"754b462\" data-element_type=\"section\" data-settings=\"{&quot;background_background&quot;:&quot;classic&quot;,&quot;_ha_eqh_enable&quot;:false}\">\n\t\t\t\t\t\t<div class=\"elementor-container elementor-column-gap-default\">\n\t\t\t\t\t<div class=\"elementor-column elementor-col-50 elementor-top-column elementor-element elementor-element-47c4c38\" data-id=\"47c4c38\" data-element_type=\"column\" data-settings=\"{&quot;background_background&quot;:&quot;classic&quot;}\">\n\t\t\t<div class=\"elementor-widget-wrap elementor-element-populated\">\n\t\t\t\t\t\t<div class=\"elementor-element elementor-element-d1aeffd elementor-hidden-desktop elementor-hidden-tablet elementor-widget elementor-widget-image\" data-id=\"d1aeffd\" data-element_type=\"widget\" data-widget_type=\"image.default\">\n\t\t\t\t<div class=\"elementor-widget-container\">\n\t\t\t\t\t\t\t\t\t\t\t\t\t<img fetchpriority=\"high\" decoding=\"async\" width=\"1024\" height=\"680\" src=\"https:\/\/www.corporacionarion.com.co\/wp-content\/uploads\/2023\/03\/SUPERACION-DE-POBREZA-EXTREMA16-1024x680.webp\" class=\"attachment-large size-large wp-image-772\" alt=\"\" srcset=\"https:\/\/www.corporacionarion.com.co\/wp-content\/uploads\/2023\/03\/SUPERACION-DE-POBREZA-EXTREMA16-1024x680.webp 1024w, https:\/\/www.corporacionarion.com.co\/wp-content\/uploads\/2023\/03\/SUPERACION-DE-POBREZA-EXTREMA16-300x199.webp 300w, https:\/\/www.corporacionarion.com.co\/wp-content\/uploads\/2023\/03\/SUPERACION-DE-POBREZA-EXTREMA16-768x510.webp 768w, https:\/\/www.corporacionarion.com.co\/wp-content\/uploads\/2023\/03\/SUPERACION-DE-POBREZA-EXTREMA16-1536x1020.webp 1536w, https:\/\/www.corporacionarion.com.co\/wp-content\/uploads\/2023\/03\/SUPERACION-DE-POBREZA-EXTREMA16-2048x1359.webp 2048w, https:\/\/www.corporacionarion.com.co\/wp-content\/uploads\/2023\/03\/SUPERACION-DE-POBREZA-EXTREMA16-600x398.webp 600w\" sizes=\"(max-width: 1024px) 100vw, 1024px\" \/>\t\t\t\t\t\t\t\t\t\t\t\t\t<\/div>\n\t\t\t\t<\/div>\n\t\t\t\t\t<\/div>\n\t\t<\/div>\n\t\t\t\t<div class=\"elementor-column elementor-col-50 elementor-top-column elementor-element elementor-element-941df7a\" data-id=\"941df7a\" data-element_type=\"column\" data-settings=\"{&quot;background_background&quot;:&quot;classic&quot;}\">\n\t\t\t<div class=\"elementor-widget-wrap elementor-element-populated\">\n\t\t\t\t\t\t<div class=\"elementor-element elementor-element-0bfa4bb elementor-widget elementor-widget-heading\" data-id=\"0bfa4bb\" data-element_type=\"widget\" data-widget_type=\"heading.default\">\n\t\t\t\t<div class=\"elementor-widget-container\">\n\t\t\t<h2 class=\"elementor-heading-title elementor-size-default\">SUPERACI\u00d3N DE <br>POBREZA EXTREMA<\/h2>\t\t<\/div>\n\t\t\t\t<\/div>\n\t\t\t\t<div class=\"elementor-element elementor-element-94b87c7 elementor-widget elementor-widget-text-editor\" data-id=\"94b87c7\" data-element_type=\"widget\" data-widget_type=\"text-editor.default\">\n\t\t\t\t<div class=\"elementor-widget-container\">\n\t\t\t\t\t\t\t<p>Participamos junto con PROSPERIDAD SOCIAL en todos los comit\u00e9s regionales Apoyando el programa de superaci\u00f3n de pobreza extrema siguiendo las especificaciones t\u00e9cnicas en los tres Dptos Meta, Arauca y Casanare, aportamos nuestra Oferta Propia y ejecutamos la Gesti\u00f3n Documental.<\/p>\t\t\t\t\t\t<\/div>\n\t\t\t\t<\/div>\n\t\t\t\t<div class=\"elementor-element elementor-element-fe3e83a elementor-arrows-position-inside elementor-pagination-position-outside elementor-widget elementor-widget-image-carousel\" data-id=\"fe3e83a\" data-element_type=\"widget\" data-settings=\"{&quot;slides_to_scroll&quot;:&quot;1&quot;,&quot;slides_to_show&quot;:&quot;4&quot;,&quot;slides_to_show_mobile&quot;:&quot;2&quot;,&quot;navigation&quot;:&quot;both&quot;,&quot;autoplay&quot;:&quot;yes&quot;,&quot;pause_on_hover&quot;:&quot;yes&quot;,&quot;pause_on_interaction&quot;:&quot;yes&quot;,&quot;autoplay_speed&quot;:5000,&quot;infinite&quot;:&quot;yes&quot;,&quot;speed&quot;:500}\" data-widget_type=\"image-carousel.default\">\n\t\t\t\t<div class=\"elementor-widget-container\">\n\t\t\t\t\t<div class=\"elementor-image-carousel-wrapper swiper-container\" dir=\"ltr\">\n\t\t\t<div class=\"elementor-image-carousel swiper-wrapper\" aria-live=\"off\">\n\t\t\t\t\t\t\t\t<div class=\"swiper-slide\" role=\"group\" aria-roledescription=\"slide\" aria-label=\"1 de 13\"><a data-elementor-open-lightbox=\"yes\" data-elementor-lightbox-slideshow=\"fe3e83a\" data-elementor-lightbox-title=\"SUPERACION DE POBREZA EXTREMA1\" data-e-action-hash=\"#elementor-action%3Aaction%3Dlightbox%26settings%3DeyJpZCI6Nzc5LCJ1cmwiOiJodHRwczpcL1wvd3d3LmNvcnBvcmFjaW9uYXJpb24uY29tLmNvXC93cC1jb250ZW50XC91cGxvYWRzXC8yMDIzXC8wM1wvU1VQRVJBQ0lPTi1ERS1QT0JSRVpBLUVYVFJFTUExLTEuanBnIiwic2xpZGVzaG93IjoiZmUzZTgzYSJ9\" href=\"https:\/\/www.corporacionarion.com.co\/wp-content\/uploads\/2023\/03\/SUPERACION-DE-POBREZA-EXTREMA1-1.jpg\"><figure class=\"swiper-slide-inner\"><img decoding=\"async\" class=\"swiper-slide-image\" src=\"https:\/\/www.corporacionarion.com.co\/wp-content\/uploads\/2023\/03\/SUPERACION-DE-POBREZA-EXTREMA1-1-150x150.jpg\" alt=\"SUPERACION DE POBREZA EXTREMA1\" \/><\/figure><\/a><\/div><div class=\"swiper-slide\" role=\"group\" aria-roledescription=\"slide\" aria-label=\"2 de 13\"><a data-elementor-open-lightbox=\"yes\" data-elementor-lightbox-slideshow=\"fe3e83a\" data-elementor-lightbox-title=\"SUPERACION DE POBREZA EXTREMA2\" data-e-action-hash=\"#elementor-action%3Aaction%3Dlightbox%26settings%3DeyJpZCI6NzgwLCJ1cmwiOiJodHRwczpcL1wvd3d3LmNvcnBvcmFjaW9uYXJpb24uY29tLmNvXC93cC1jb250ZW50XC91cGxvYWRzXC8yMDIzXC8wM1wvU1VQRVJBQ0lPTi1ERS1QT0JSRVpBLUVYVFJFTUEyLTEuanBnIiwic2xpZGVzaG93IjoiZmUzZTgzYSJ9\" href=\"https:\/\/www.corporacionarion.com.co\/wp-content\/uploads\/2023\/03\/SUPERACION-DE-POBREZA-EXTREMA2-1.jpg\"><figure class=\"swiper-slide-inner\"><img decoding=\"async\" class=\"swiper-slide-image\" src=\"https:\/\/www.corporacionarion.com.co\/wp-content\/uploads\/2023\/03\/SUPERACION-DE-POBREZA-EXTREMA2-1-150x150.jpg\" alt=\"SUPERACION DE POBREZA EXTREMA2\" \/><\/figure><\/a><\/div><div class=\"swiper-slide\" role=\"group\" aria-roledescription=\"slide\" aria-label=\"3 de 13\"><a data-elementor-open-lightbox=\"yes\" data-elementor-lightbox-slideshow=\"fe3e83a\" data-elementor-lightbox-title=\"SUPERACION DE POBREZA EXTREMA4\" data-e-action-hash=\"#elementor-action%3Aaction%3Dlightbox%26settings%3DeyJpZCI6NzgyLCJ1cmwiOiJodHRwczpcL1wvd3d3LmNvcnBvcmFjaW9uYXJpb24uY29tLmNvXC93cC1jb250ZW50XC91cGxvYWRzXC8yMDIzXC8wM1wvU1VQRVJBQ0lPTi1ERS1QT0JSRVpBLUVYVFJFTUE0LTEuanBnIiwic2xpZGVzaG93IjoiZmUzZTgzYSJ9\" href=\"https:\/\/www.corporacionarion.com.co\/wp-content\/uploads\/2023\/03\/SUPERACION-DE-POBREZA-EXTREMA4-1.jpg\"><figure class=\"swiper-slide-inner\"><img decoding=\"async\" class=\"swiper-slide-image\" src=\"https:\/\/www.corporacionarion.com.co\/wp-content\/uploads\/2023\/03\/SUPERACION-DE-POBREZA-EXTREMA4-1-150x150.jpg\" alt=\"SUPERACION DE POBREZA EXTREMA4\" \/><\/figure><\/a><\/div><div class=\"swiper-slide\" role=\"group\" aria-roledescription=\"slide\" aria-label=\"4 de 13\"><a data-elementor-open-lightbox=\"yes\" data-elementor-lightbox-slideshow=\"fe3e83a\" data-elementor-lightbox-title=\"SUPERACION DE POBREZA EXTREMA5\" data-e-action-hash=\"#elementor-action%3Aaction%3Dlightbox%26settings%3DeyJpZCI6NzgzLCJ1cmwiOiJodHRwczpcL1wvd3d3LmNvcnBvcmFjaW9uYXJpb24uY29tLmNvXC93cC1jb250ZW50XC91cGxvYWRzXC8yMDIzXC8wM1wvU1VQRVJBQ0lPTi1ERS1QT0JSRVpBLUVYVFJFTUE1LTEuanBnIiwic2xpZGVzaG93IjoiZmUzZTgzYSJ9\" href=\"https:\/\/www.corporacionarion.com.co\/wp-content\/uploads\/2023\/03\/SUPERACION-DE-POBREZA-EXTREMA5-1.jpg\"><figure class=\"swiper-slide-inner\"><img decoding=\"async\" class=\"swiper-slide-image\" src=\"https:\/\/www.corporacionarion.com.co\/wp-content\/uploads\/2023\/03\/SUPERACION-DE-POBREZA-EXTREMA5-1-150x150.jpg\" alt=\"SUPERACION DE POBREZA EXTREMA5\" \/><\/figure><\/a><\/div><div class=\"swiper-slide\" role=\"group\" aria-roledescription=\"slide\" aria-label=\"5 de 13\"><a data-elementor-open-lightbox=\"yes\" data-elementor-lightbox-slideshow=\"fe3e83a\" data-elementor-lightbox-title=\"SUPERACION DE POBREZA EXTREMA6\" data-e-action-hash=\"#elementor-action%3Aaction%3Dlightbox%26settings%3DeyJpZCI6Nzg0LCJ1cmwiOiJodHRwczpcL1wvd3d3LmNvcnBvcmFjaW9uYXJpb24uY29tLmNvXC93cC1jb250ZW50XC91cGxvYWRzXC8yMDIzXC8wM1wvU1VQRVJBQ0lPTi1ERS1QT0JSRVpBLUVYVFJFTUE2LTEuanBnIiwic2xpZGVzaG93IjoiZmUzZTgzYSJ9\" href=\"https:\/\/www.corporacionarion.com.co\/wp-content\/uploads\/2023\/03\/SUPERACION-DE-POBREZA-EXTREMA6-1.jpg\"><figure class=\"swiper-slide-inner\"><img decoding=\"async\" class=\"swiper-slide-image\" src=\"https:\/\/www.corporacionarion.com.co\/wp-content\/uploads\/2023\/03\/SUPERACION-DE-POBREZA-EXTREMA6-1-150x150.jpg\" alt=\"SUPERACION DE POBREZA EXTREMA6\" \/><\/figure><\/a><\/div><div class=\"swiper-slide\" role=\"group\" aria-roledescription=\"slide\" aria-label=\"6 de 13\"><a data-elementor-open-lightbox=\"yes\" data-elementor-lightbox-slideshow=\"fe3e83a\" data-elementor-lightbox-title=\"SUPERACION DE POBREZA EXTREMA7\" data-e-action-hash=\"#elementor-action%3Aaction%3Dlightbox%26settings%3DeyJpZCI6Nzg1LCJ1cmwiOiJodHRwczpcL1wvd3d3LmNvcnBvcmFjaW9uYXJpb24uY29tLmNvXC93cC1jb250ZW50XC91cGxvYWRzXC8yMDIzXC8wM1wvU1VQRVJBQ0lPTi1ERS1QT0JSRVpBLUVYVFJFTUE3LTEuanBnIiwic2xpZGVzaG93IjoiZmUzZTgzYSJ9\" href=\"https:\/\/www.corporacionarion.com.co\/wp-content\/uploads\/2023\/03\/SUPERACION-DE-POBREZA-EXTREMA7-1.jpg\"><figure class=\"swiper-slide-inner\"><img decoding=\"async\" class=\"swiper-slide-image\" src=\"https:\/\/www.corporacionarion.com.co\/wp-content\/uploads\/2023\/03\/SUPERACION-DE-POBREZA-EXTREMA7-1-150x150.jpg\" alt=\"SUPERACION DE POBREZA EXTREMA7\" \/><\/figure><\/a><\/div><div class=\"swiper-slide\" role=\"group\" aria-roledescription=\"slide\" aria-label=\"7 de 13\"><a data-elementor-open-lightbox=\"yes\" data-elementor-lightbox-slideshow=\"fe3e83a\" data-elementor-lightbox-title=\"SUPERACION DE POBREZA EXTREMA8\" data-e-action-hash=\"#elementor-action%3Aaction%3Dlightbox%26settings%3DeyJpZCI6Nzg2LCJ1cmwiOiJodHRwczpcL1wvd3d3LmNvcnBvcmFjaW9uYXJpb24uY29tLmNvXC93cC1jb250ZW50XC91cGxvYWRzXC8yMDIzXC8wM1wvU1VQRVJBQ0lPTi1ERS1QT0JSRVpBLUVYVFJFTUE4LTEuanBnIiwic2xpZGVzaG93IjoiZmUzZTgzYSJ9\" href=\"https:\/\/www.corporacionarion.com.co\/wp-content\/uploads\/2023\/03\/SUPERACION-DE-POBREZA-EXTREMA8-1.jpg\"><figure class=\"swiper-slide-inner\"><img decoding=\"async\" class=\"swiper-slide-image\" src=\"https:\/\/www.corporacionarion.com.co\/wp-content\/uploads\/2023\/03\/SUPERACION-DE-POBREZA-EXTREMA8-1-150x150.jpg\" alt=\"SUPERACION DE POBREZA EXTREMA8\" \/><\/figure><\/a><\/div><div class=\"swiper-slide\" role=\"group\" aria-roledescription=\"slide\" aria-label=\"8 de 13\"><a data-elementor-open-lightbox=\"yes\" data-elementor-lightbox-slideshow=\"fe3e83a\" data-elementor-lightbox-title=\"SUPERACION DE POBREZA EXTREMA9\" data-e-action-hash=\"#elementor-action%3Aaction%3Dlightbox%26settings%3DeyJpZCI6Nzg3LCJ1cmwiOiJodHRwczpcL1wvd3d3LmNvcnBvcmFjaW9uYXJpb24uY29tLmNvXC93cC1jb250ZW50XC91cGxvYWRzXC8yMDIzXC8wM1wvU1VQRVJBQ0lPTi1ERS1QT0JSRVpBLUVYVFJFTUE5LTEuanBnIiwic2xpZGVzaG93IjoiZmUzZTgzYSJ9\" href=\"https:\/\/www.corporacionarion.com.co\/wp-content\/uploads\/2023\/03\/SUPERACION-DE-POBREZA-EXTREMA9-1.jpg\"><figure class=\"swiper-slide-inner\"><img decoding=\"async\" class=\"swiper-slide-image\" src=\"https:\/\/www.corporacionarion.com.co\/wp-content\/uploads\/2023\/03\/SUPERACION-DE-POBREZA-EXTREMA9-1-150x150.jpg\" alt=\"SUPERACION DE POBREZA EXTREMA9\" \/><\/figure><\/a><\/div><div class=\"swiper-slide\" role=\"group\" aria-roledescription=\"slide\" aria-label=\"9 de 13\"><a data-elementor-open-lightbox=\"yes\" data-elementor-lightbox-slideshow=\"fe3e83a\" data-elementor-lightbox-title=\"SUPERACION DE POBREZA EXTREMA10\" data-e-action-hash=\"#elementor-action%3Aaction%3Dlightbox%26settings%3DeyJpZCI6Nzg4LCJ1cmwiOiJodHRwczpcL1wvd3d3LmNvcnBvcmFjaW9uYXJpb24uY29tLmNvXC93cC1jb250ZW50XC91cGxvYWRzXC8yMDIzXC8wM1wvU1VQRVJBQ0lPTi1ERS1QT0JSRVpBLUVYVFJFTUExMC0xLmpwZyIsInNsaWRlc2hvdyI6ImZlM2U4M2EifQ%3D%3D\" href=\"https:\/\/www.corporacionarion.com.co\/wp-content\/uploads\/2023\/03\/SUPERACION-DE-POBREZA-EXTREMA10-1.jpg\"><figure class=\"swiper-slide-inner\"><img decoding=\"async\" class=\"swiper-slide-image\" src=\"https:\/\/www.corporacionarion.com.co\/wp-content\/uploads\/2023\/03\/SUPERACION-DE-POBREZA-EXTREMA10-1-150x150.jpg\" alt=\"SUPERACION DE POBREZA EXTREMA10\" \/><\/figure><\/a><\/div><div class=\"swiper-slide\" role=\"group\" aria-roledescription=\"slide\" aria-label=\"10 de 13\"><a data-elementor-open-lightbox=\"yes\" data-elementor-lightbox-slideshow=\"fe3e83a\" data-elementor-lightbox-title=\"SUPERACION DE POBREZA EXTREMA11\" data-e-action-hash=\"#elementor-action%3Aaction%3Dlightbox%26settings%3DeyJpZCI6Nzg5LCJ1cmwiOiJodHRwczpcL1wvd3d3LmNvcnBvcmFjaW9uYXJpb24uY29tLmNvXC93cC1jb250ZW50XC91cGxvYWRzXC8yMDIzXC8wM1wvU1VQRVJBQ0lPTi1ERS1QT0JSRVpBLUVYVFJFTUExMS0xLmpwZyIsInNsaWRlc2hvdyI6ImZlM2U4M2EifQ%3D%3D\" href=\"https:\/\/www.corporacionarion.com.co\/wp-content\/uploads\/2023\/03\/SUPERACION-DE-POBREZA-EXTREMA11-1.jpg\"><figure class=\"swiper-slide-inner\"><img decoding=\"async\" class=\"swiper-slide-image\" src=\"https:\/\/www.corporacionarion.com.co\/wp-content\/uploads\/2023\/03\/SUPERACION-DE-POBREZA-EXTREMA11-1-150x150.jpg\" alt=\"SUPERACION DE POBREZA EXTREMA11\" \/><\/figure><\/a><\/div><div class=\"swiper-slide\" role=\"group\" aria-roledescription=\"slide\" aria-label=\"11 de 13\"><a data-elementor-open-lightbox=\"yes\" data-elementor-lightbox-slideshow=\"fe3e83a\" data-elementor-lightbox-title=\"SUPERACION DE POBREZA EXTREMA12\" data-e-action-hash=\"#elementor-action%3Aaction%3Dlightbox%26settings%3DeyJpZCI6NzkwLCJ1cmwiOiJodHRwczpcL1wvd3d3LmNvcnBvcmFjaW9uYXJpb24uY29tLmNvXC93cC1jb250ZW50XC91cGxvYWRzXC8yMDIzXC8wM1wvU1VQRVJBQ0lPTi1ERS1QT0JSRVpBLUVYVFJFTUExMi0xLmpwZyIsInNsaWRlc2hvdyI6ImZlM2U4M2EifQ%3D%3D\" href=\"https:\/\/www.corporacionarion.com.co\/wp-content\/uploads\/2023\/03\/SUPERACION-DE-POBREZA-EXTREMA12-1.jpg\"><figure class=\"swiper-slide-inner\"><img decoding=\"async\" class=\"swiper-slide-image\" src=\"https:\/\/www.corporacionarion.com.co\/wp-content\/uploads\/2023\/03\/SUPERACION-DE-POBREZA-EXTREMA12-1-150x150.jpg\" alt=\"SUPERACION DE POBREZA EXTREMA12\" \/><\/figure><\/a><\/div><div class=\"swiper-slide\" role=\"group\" aria-roledescription=\"slide\" aria-label=\"12 de 13\"><a data-elementor-open-lightbox=\"yes\" data-elementor-lightbox-slideshow=\"fe3e83a\" data-elementor-lightbox-title=\"SUPERACION DE POBREZA EXTREMA13\" data-e-action-hash=\"#elementor-action%3Aaction%3Dlightbox%26settings%3DeyJpZCI6NzkxLCJ1cmwiOiJodHRwczpcL1wvd3d3LmNvcnBvcmFjaW9uYXJpb24uY29tLmNvXC93cC1jb250ZW50XC91cGxvYWRzXC8yMDIzXC8wM1wvU1VQRVJBQ0lPTi1ERS1QT0JSRVpBLUVYVFJFTUExMy0xLmpwZyIsInNsaWRlc2hvdyI6ImZlM2U4M2EifQ%3D%3D\" href=\"https:\/\/www.corporacionarion.com.co\/wp-content\/uploads\/2023\/03\/SUPERACION-DE-POBREZA-EXTREMA13-1.jpg\"><figure class=\"swiper-slide-inner\"><img decoding=\"async\" class=\"swiper-slide-image\" src=\"https:\/\/www.corporacionarion.com.co\/wp-content\/uploads\/2023\/03\/SUPERACION-DE-POBREZA-EXTREMA13-1-150x150.jpg\" alt=\"SUPERACION DE POBREZA EXTREMA13\" \/><\/figure><\/a><\/div><div class=\"swiper-slide\" role=\"group\" aria-roledescription=\"slide\" aria-label=\"13 de 13\"><a data-elementor-open-lightbox=\"yes\" data-elementor-lightbox-slideshow=\"fe3e83a\" data-elementor-lightbox-title=\"SUPERACION DE POBREZA EXTREMA14\" data-e-action-hash=\"#elementor-action%3Aaction%3Dlightbox%26settings%3DeyJpZCI6NzkyLCJ1cmwiOiJodHRwczpcL1wvd3d3LmNvcnBvcmFjaW9uYXJpb24uY29tLmNvXC93cC1jb250ZW50XC91cGxvYWRzXC8yMDIzXC8wM1wvU1VQRVJBQ0lPTi1ERS1QT0JSRVpBLUVYVFJFTUExNC0xLmpwZyIsInNsaWRlc2hvdyI6ImZlM2U4M2EifQ%3D%3D\" href=\"https:\/\/www.corporacionarion.com.co\/wp-content\/uploads\/2023\/03\/SUPERACION-DE-POBREZA-EXTREMA14-1.jpg\"><figure class=\"swiper-slide-inner\"><img decoding=\"async\" class=\"swiper-slide-image\" src=\"https:\/\/www.corporacionarion.com.co\/wp-content\/uploads\/2023\/03\/SUPERACION-DE-POBREZA-EXTREMA14-1-150x150.jpg\" alt=\"SUPERACION DE POBREZA EXTREMA14\" \/><\/figure><\/a><\/div>\t\t\t<\/div>\n\t\t\t\t\t\t\t\t\t\t\t\t<div class=\"elementor-swiper-button elementor-swiper-button-prev\" role=\"button\" tabindex=\"0\">\n\t\t\t\t\t\t<i aria-hidden=\"true\" class=\"eicon-chevron-left\"><\/i>\t\t\t\t\t<\/div>\n\t\t\t\t\t<div class=\"elementor-swiper-button elementor-swiper-button-next\" role=\"button\" tabindex=\"0\">\n\t\t\t\t\t\t<i aria-hidden=\"true\" class=\"eicon-chevron-right\"><\/i>\t\t\t\t\t<\/div>\n\t\t\t\t\n\t\t\t\t\t\t\t\t\t<div class=\"swiper-pagination\"><\/div>\n\t\t\t\t\t\t\t\t\t<\/div>\n\t\t\t\t<\/div>\n\t\t\t\t<\/div>\n\t\t\t\t\t<\/div>\n\t\t<\/div>\n\t\t\t\t\t<\/div>\n\t\t<\/section>\n\t\t\t\t<\/div>\n\t\t","protected":false},"excerpt":{"rendered":"<p>SUPERACI\u00d3N DE POBREZA EXTREMA Participamos junto con PROSPERIDAD SOCIAL en todos los comit\u00e9s regionales Apoyando el programa de superaci\u00f3n de pobreza extrema siguiendo las especificaciones t\u00e9cnicas en los tres Dptos Meta, Arauca y Casanare, aportamos nuestra Oferta Propia y ejecutamos la Gesti\u00f3n Documental. Anterior Siguiente<\/p>\n","protected":false},"featured_media":772,"comment_status":"open","ping_status":"closed","template":"elementor_canvas","meta":[],"product_cat":[15,18],"product_tag":[],"class_list":{"0":"post-755","1":"product","2":"type-product","3":"status-publish","4":"has-post-thumbnail","6":"product_cat-sin-categorizar","7":"product_cat-proyectos","9":"first","10":"instock","11":"virtual","12":"product-type-simple"},"_links":{"self":[{"href":"https:\/\/www.corporacionarion.com.co\/index.php?rest_route=\/wp\/v2\/product\/755","targetHints":{"allow":["GET"]}}],"collection":[{"href":"https:\/\/www.corporacionarion.com.co\/index.php?rest_route=\/wp\/v2\/product"}],"about":[{"href":"https:\/\/www.corporacionarion.com.co\/index.php?rest_route=\/wp\/v2\/types\/product"}],"replies":[{"embeddable":true,"href":"https:\/\/www.corporacionarion.com.co\/index.php?rest_route=%2Fwp%2Fv2%2Fcomments&post=755"}],"version-history":[{"count":14,"href":"https:\/\/www.corporacionarion.com.co\/index.php?rest_route=\/wp\/v2\/product\/755\/revisions"}],"predecessor-version":[{"id":1152,"href":"https:\/\/www.corporacionarion.com.co\/index.php?rest_route=\/wp\/v2\/product\/755\/revisions\/1152"}],"wp:featuredmedia":[{"embeddable":true,"href":"https:\/\/www.corporacionarion.com.co\/index.php?rest_route=\/wp\/v2\/media\/772"}],"wp:attachment":[{"href":"https:\/\/www.corporacionarion.com.co\/index.php?rest_route=%2Fwp%2Fv2%2Fmedia&parent=755"}],"wp:term":[{"taxonomy":"product_cat","embeddable":true,"href":"https:\/\/www.corporacionarion.com.co\/index.php?rest_route=%2Fwp%2Fv2%2Fproduct_cat&post=755"},{"taxonomy":"product_tag","embeddable":true,"href":"https:\/\/www.corporacionarion.com.co\/index.php?rest_route=%2Fwp%2Fv2%2Fproduct_tag&post=755"}],"curies":[{"name":"wp","href":"https:\/\/api.w.org\/{rel}","templated":true}]}}